{"id":151,"date":"2020-10-18T13:18:01","date_gmt":"2020-10-18T11:18:01","guid":{"rendered":"http:\/\/5dhnaszezoo.pl\/?page_id=151"},"modified":"2020-10-18T13:18:01","modified_gmt":"2020-10-18T11:18:01","slug":"hymn-zhp","status":"publish","type":"page","link":"https:\/\/5dhnaszezoo.pl\/index.php\/hymn-zhp\/","title":{"rendered":"Hymn ZHP"},"content":{"rendered":"<p style=\"text-align: center;\"><span style=\"font-size: 14pt;\"><strong>Wszystko, co nasze<\/strong><\/span><\/p>\n<p style=\"text-align: center;\">Wszystko,co nasze, Polsce oddamy,<br \/>\nw niej tylko \u017cycie, wi\u0119c idziem \u017cy\u0107.<br \/>\n\u015awity si\u0119 biel\u0105, otw\u00f3rzmy bramy,<br \/>\nrozkaz wydany: Wsta\u0144! W s\u0142o\u0144ce id\u017a!<\/p>\n<p style=\"text-align: center;\">Rami\u0119 pr\u0119\u017c, s\u0142abo\u015b\u0107 krusz,<br \/>\nducha t\u0119\u017c, Ojczy\u017anie mi\u0142ej s\u0142u\u017c!<br \/>\nNa jej zew, w b\u00f3j czy trud,<br \/>\np\u00f3jdzie rad harcerzy polskich r\u00f3d,<br \/>\nharcerzy polskich r\u00f3d.<\/p>\n","protected":false},"excerpt":{"rendered":"<p>Wszystko, co nasze Wszystko,co nasze, Polsce oddamy, w niej tylko \u017cycie, wi\u0119c idziem \u017cy\u0107. \u015awity si\u0119 biel\u0105, otw\u00f3rzmy bramy, rozkaz<\/p>\n","protected":false},"author":1,"featured_media":0,"parent":0,"menu_order":0,"comment_status":"closed","ping_status":"closed","template":"","meta":{"colormag_page_container_layout":"default_layout","colormag_page_sidebar_layout":"default_layout","footnotes":""},"class_list":["post-151","page","type-page","status-publish","hentry"],"_links":{"self":[{"href":"https:\/\/5dhnaszezoo.pl\/index.php\/wp-json\/wp\/v2\/pages\/151","targetHints":{"allow":["GET"]}}],"collection":[{"href":"https:\/\/5dhnaszezoo.pl\/index.php\/wp-json\/wp\/v2\/pages"}],"about":[{"href":"https:\/\/5dhnaszezoo.pl\/index.php\/wp-json\/wp\/v2\/types\/page"}],"author":[{"embeddable":true,"href":"https:\/\/5dhnaszezoo.pl\/index.php\/wp-json\/wp\/v2\/users\/1"}],"replies":[{"embeddable":true,"href":"https:\/\/5dhnaszezoo.pl\/index.php\/wp-json\/wp\/v2\/comments?post=151"}],"version-history":[{"count":1,"href":"https:\/\/5dhnaszezoo.pl\/index.php\/wp-json\/wp\/v2\/pages\/151\/revisions"}],"predecessor-version":[{"id":152,"href":"https:\/\/5dhnaszezoo.pl\/index.php\/wp-json\/wp\/v2\/pages\/151\/revisions\/152"}],"wp:attachment":[{"href":"https:\/\/5dhnaszezoo.pl\/index.php\/wp-json\/wp\/v2\/media?parent=151"}],"curies":[{"name":"wp","href":"https:\/\/api.w.org\/{rel}","templated":true}]}}